) = -a**3 - 87*a**2 + 103*a + 8964. What is m(-87)?
3
Let u(r) = 4*r**2 - 5*r - 223. Determine u(-7).
8
Let t(d) = 2*d**3 - 43*d**2 - 108*d + 1878. Determine t(22).
-14
Let q(g) = -35*g**2 - 67*g + 159. Give q(-4).
-133
Let w(r) = -628*r + 14339. Calculate w(23).
-105
Let w(k) = -4*k + 314. Determine w(20).
234
Let j(x) = -24*x - 369. What is j(-9)?
-153
Let j(c) = -47*c - 1844. Determine j(-40).
36
Let s(o) = -25*o - 725. What is s(-28)?
-25
Let n(z) = -236*z + 65151. Determine n(276).
15
Let v(d) = -2697*d + 5398. Determine v(2).
4
Let n(j) = 1191*j - 26190. Calculate n(22).
12
Let u(z) = -z**3 - 61*z**2 + 59*z - 104. Give u(-62).
82
Let m(j) = j**3 - 14*j**2 + 62*j - 658. Calculate m(13).
-21
Let q(u) = -164*u + 610. Determine q(4).
-46
Let l(w) = 2*w**3 - 130*w**2 - 2*w + 145. Determine l(65).
15
Let r(a) = a**3 + 19*a**2 + 92*a + 16. Give r(-11).
-28
Let m(k) = -3*k**2 - 8*k + 1838. Calculate m(-26).
18
Let w(r) = r**3 - 12*r**2 - 33*r + 46. Calculate w(14).
-24
Let j(n) = -n**3 + 81*n**2 - 164*n + 371. What is j(79)?
-103
Let u(t) = 15*t**3 + 197*t**2 + 19*t - 89. What is u(-13)?
2
Let k(n) = 43*n - 8. Calculate k(0).
-8
Let v(c) = 11*c**2 + 150*c - 6. Calculate v(-16).
410
Let u(k) = 4*k**2 - 8*k - 28. What is u(4)?
4
Let u(p) = p**3 - 11*p**2 - 210*p - 18. Give u(-10).
-18
Let z(l) = l**3 - 31*l**2 - 41*l + 202. What is z(32)?
-86
Let b(w) = 10127*w + 81009. What is b(-8)?
-7
Let h(q) = 10*q**2 - 18*q - 56. Give h(-6).
412
Let n(k) = -33*k**3 - k**2 + 2*k - 1. What is n(1)?
-33
Let s(r) = 2*r**3 - 17*r**2 - 31*r - 6. Give s(10).
-16
Let c(b) = b**2 - 26*b - 3666. Calculate c(75).
9
Let h(x) = 2*x**3 + 159*x**2 + 244*x + 85. What is h(-78)?
-695
Let i(c) = c**3 + 2*c**2 - 9*c + 24. Give i(-8).
-288
Let l(g) = -g**2 - 33*g - 59. What is l(0)?
-59
Let f(v) = -v**3 + 14*v**2 - 3*v + 53. Give f(14).
11
Let t(f) = -8*f**3 + 248*f - 247. What is t(1)?
-7
Let a(v) = -v**3 - 11*v**2 - 29*v - 4. Give a(-7).
3
Let f(s) = -138*s**2 + 17524*s + 258. Give f(127).
4
Let f(i) = 59*i - 1276. Determine f(25).
199
Let i(b) = 10*b**3 + b**2 - 13*b - 26. Calculate i(-3).
-248
Let f(i) = 1526*i + 10696. What is f(-7)?
14
Let m(o) = 15*o - 456. Give m(29).
-21
Let d(y) = -159*y - 120. Calculate d(-1).
39
Let t(a) = -a**3 + 55*a**2 - 163*a + 376. Calculate t(52).
12
Let o(f) = -7*f + 33. Give o(7).
-16
Let f(l) = -3*l**2 + 18*l + 16. Determine f(-1).
-5
Let h(r) = r**3 + 15*r**2 + 70*r + 100. Determine h(-7).
2
Let d(v) = 21*v + 113. What is d(-7)?
-34
Let w(v) = -58*v + 284. What is w(5)?
-6
Let m(y) = -137*y + 4251. Calculate m(31).
4
Let j(q) = q**3 - 15*q**2 - 25*q + 284. What is j(15)?
-91
Let l(m) = -20*m**2 - 119*m + 9. Give l(-6).
3
Let r(t) = -22*t + 1187. Calculate r(40).
307
Let a(b) = -b**2 - 132*b + 7958. What is a(45)?
-7
Let w(i) = 18*i**2 - 73*i + 4. Give w(5).
89
Let b(d) = d**3 - d**2 - 60*d + 17. Determine b(-7).
45
Let r(j) = j**3 - 4*j**2 - 2*j + 5. Determine r(4).
-3
Let u(l) = 52*l + 834. Give u(-16).
2
Let x(r) = -r**3 - r**2 + 12*r - 217. Calculate x(0).
-217
Let d(i) = 711*i - 18487. Give d(26).
-1
Let h(b) = -26*b + 34. Determine h(0).
34
Let x(b) = -58*b**2 + 157*b + 157. What is x(-1)?
-58
Let r(y) = -86*y - 7897. Give r(-92).
15
Let t(z) = 2*z**3 - z**2 - 5*z + 12. Calculate t(-5).
-238
Let f(q) = 2*q**2 - 27*q - 76. Calculate f(-3).
23
Let n(i) = -8*i - 4. Give n(-2).
12
Let a(i) = 104*i + 643. Determine a(-6).
19
Let y(j) = -j**2 - 11*j - 35. Give y(-14).
-77
Let s(a) = a**2 - 19*a + 57. What is s(4)?
-3
Let x(i) = -76*i + 4879. Give x(64).
15
Let s(b) = -b + 9. Determine s(-17).
26
Let o(k) = 55*k**2 + 2169*k - 1231. Determine o(-40).
9
Let d(q) = -q**2 + 28*q - 63. Give d(3).
12
Let u(f) = -16*f - 107. What is u(-12)?
85
Let v(t) = t**2 - 27*t + 8. Give v(1).
-18
Let s(f) = f**2 - 115*f + 3156. Give s(45).
6
Let v(q) = 5*q**2 - 40*q + 11. Give v(7).
-24
Let v(y) = 9*y**2 - 4*y + 62. Give v(6).
362
Let v(k) = k + 97. Give v(-15).
82
Let u(f) = -f**3 - 47*f**2 + 57*f + 791. Give u(-48).
359
Let i(l) = l**2 - 15*l - 8. What is i(11)?
-52
Let b(m) = m**3 + 4*m**2 - 24*m - 72. Calculate b(-3).
9
Let p(s) = -2*s**2 + 18*s + 27. Calculate p(11).
-17
Let b(p) = 11*p**2 - 1800*p + 1148. Give b(163).
7
Let d(y) = -7*y**2 - 199*y + 3. Calculate d(-28).
87
Let y(g) = g**3 - 38*g**2 - 95*g + 584. What is y(40)?
-16
Let p(j) = 8742*j - 78684. Calculate p(9).
-6
Let k(y) = -y**2 + 49*y + 226. What is k(54)?
-44
Let c(y) = 3*y**2 - 35*y - 71. What is c(20)?
429
Let s(l) = 865*l**3 - 2*l**2 - 24*l + 24. Determine s(1).
863
Let x(y) = -63*y + 933. Calculate x(13).
114
Let o(h) = -7*h**2 + 359*h - 459. Give o(50).
-9
Let g(o) = o**3 + 27*o**2 + 116*o + 175. Give g(-22).
43
Let r(c) = -94*c**2 + 105*c - 1. Calculate r(2).
-167
Let c(i) = 137*i + 127. What is c(-1)?
-10
Let v(d) = -d**3 - 6*d**2 - d + 1. Determine v(-6).
7
Let c(b) = b**2 + 13*b. What is c(-4)?
-36
Let f(h) = 2*h**2 - 15. Determine f(4).
17
Let x(w) = 3*w - 55. Determine x(32).
41
Let g(u) = -190*u - 8571. Determine g(-45).
-21
Let d(x) = x**3 - 2*x**2 - 10*x + 56. What is d(9)?
533
Let w(q) = -q**3 - 6*q**2 - 86. Determine w(-8).
42
Let w(p) = 4*p**2 - 71*p + 221. Give w(3).
44
Let c(a) = 31*a**2 + 962*a - 37. Calculate c(-31).
-68
Let x(d) = 6*d**2 + 326*d + 107. Determine x(-54).
-1
Let a(p) = 115*p + 7027. What is a(-62)?
-103
Let u(l) = 4*l**2 + 6*l + 27. Give u(7).
265
Let s(m) = -3386*m + 13552. Determine s(4).
8
Let h(m) = m**2 + 70*m + 398. Determine h(-64).
14
Let d(j) = -8*j**2 + 12*j + 47. Give d(-6).
-313
Let v(i) = i**2 + 4088*i + 12255. Give v(-3).
0
Let w(x) = -2*x**3 + 26*x**2 - 40*x + 7. What is w(2)?
15
Let u(d) = 17342*d - 34687. Calculate u(2).
-3
Let q(f) = -1003*f - 8046. Determine q(-8).
-22
Let q(r) = -r**3 + 81*r**2 - 84*r + 322. Calculate q(80).
2
Let g(c) = 1574*c + 20470. Determine g(-13).
8
Let i(p) = -3*p**3 + p**2 + 78*p + 43. Calculate i(-7).
575
Let j(l) = -2*l**3 + 21*l**2 - 29*l + 4. Give j(9).
-14
Let n(s) = -93*s - 10868. Calculate n(-115).
-173
Let g(t) = 16661*t - 266576. Determine g(16).
0
Let h(g) = 10*g**3 - 61*g**2 - 4*g + 9. Give h(5).
-286
Let u(d) = 12*d + 320. Calculate u(-30).
-40
Let m(i) = -i**2 + 2309*i + 18533. What is m(-8)?
-3
Let s(r) = 4*r**2 - 50*r + 10. Determine s(11).
-56
Let c(z) = 2*z**2 + 801*z + 4745. Determine c(-6).
11
Let q(b) = -b**3 + 32*b**2 - 66*b + 2315. Give q(32).
203
Let f(z) = z**2 + 490*z + 12508. Give f(-27).
7
Let c(k) = 2*k**2 + 128*k - 604. Determine c(-67).
-202
Let h(j) = -5*j**3 + 8*j**2 + 17*j + 5. What is h(-2)?
43
Let i(p) = -29*p + 316. Give i(16).
-148
Let n(h) = 4*h**2 + 136*h + 103. Give n(-33).
-29
Let p(o) = -o**3 - 22*o**2 + 136*o + 36. Give p(-27).
9
Let a(m) = m**2 - 1222*m + 35758. Determine a(30).
-2
Let w(k) = 154*k + 4174. What is w(-27)?
16
Let w(t) = 13*t**3 + 119*t**2 + 42*t + 217. Determine w(-9).
1
Let x(d) = -3*d**2 + 160*d - 51. What is x(53)?
2
Let m(x) = 26*x + 119. What is m(8)?
327
Let i(g) = -2*g**2 + 1914*g + 9569. What is i(-5)?
-51
Let i(z) = -155*z + 6660. Determine i(44).
-160
Let s(m) = -4783*m - 176971. Give s(-37).
0
Let j(x) = 11*x**2 - 26*x - 219. Give j(6).
21
Let c(y) = y**3 + 35*y**2 + 72*y + 90. Determine c(-33).
-108
Let y(c) = c**2 - 14*c + 212. Calculate y(7).
163
Let m(a) = 6*a**2 - 316*a + 2754. What is m(11)?
4
Let o(m) = 7*m**3 - 191*m**2 + 60*m - 101. What is o(27)?
61
Let t(p) = p**3 - 15*p**2 - 5. Give t(15).
-5
Let u(h) = -h**2 - 97*h - 375. Determine u(-4).
-3
Let y(b) = -491*b - 2949. What is y(-6)?
-3
Let m(g) = g**2 + 6*g + 128. Give m(0).
128
Let t(w) = 35*w**2 + 106*w - 67. What is t(-3)?
-70
Let p(j) = 198*j - 1397. Give p(7).
-11
Let z(d) = -3*d**2 + 15*d + 10. What is z(8)?
-62
Let b(l) = 896*l - 1799. Give b(2).
-7
Let o(f) = -268*f**3 + 1595*f**2 + 77*f + 4. Give o(6).
-2
Let s(g) = 3*g**3 - 159*g**2 + 13*g - 248. What is s(53)?
441
Let m(s) = -4*s**2 + 32*s + 94. Calculate m(11).
-38
Let z(o) = o**3 - 5*o**2 - 43*o + 57. Give z(9).
-6
Let s(n) = -2*n**3 + 18*n**2 + 20*n + 9. Determine s(10).
9
Let a(q) = q**2 + 81*q + 1637. Give a(-42).
-1
Let g(t) = -t**2 - 303*t - 1205. Determine g(-4).
-9
Let m(a) = -309*a - 10. Determine m(-1).
299
Let b(f) = -1338*f - 4026. Determine b(-3).
-12
Let x(i) = i**3 + 9*i**2 - 25*i - 6. Give x(-